{"id":2,"date":"2011-05-03T13:44:35","date_gmt":"2011-05-03T13:44:35","guid":{"rendered":"http:\/\/Genie\u00dfenSieIhreneueLebensqualit\u00e4t\u2026beimentspanntenStadtbummel(ohneToilettenplanimKopf)durchkontrollierteVerschlusskraftvonBlaseundEnddarmbeimJoggenimWalddurchtroc"},"modified":"2025-01-06T00:01:47","modified_gmt":"2025-01-05T23:01:47","slug":"beispiel-seite","status":"publish","type":"page","link":"https:\/\/beckenraum.de\/","title":{"rendered":"Startseite"},"content":{"rendered":"<h2><strong>Genie\u00dfen Sie Ihre neue Lebensqualit\u00e4t\u2026<\/strong><\/h2>\n<ul>\n<li>beim entspannten Stadtbummel (ohne Toilettenplan im Kopf)<\/li>\n<li>durch kontrollierte Verschlusskraft von Blase und Enddarm beim Joggen im Wald<\/li>\n<li>durch trockene Kinderbetten<\/li>\n<li>bei Freudenspr\u00fcngen<\/li>\n<li>durch erf\u00fcllte Sexualit\u00e4t<\/li>\n<li>beim Husten und Niesen<\/li>\n<li>bei folgenlosem \u201eSich-Aussch\u00fctten-vor-Lachen\u201c<\/li>\n<li>wegen Stabilit\u00e4t beim Heben und Tragen<\/li>\n<li>bei der Unterst\u00fctzung des Heilungsprozesses nach einer Prostataoperation<\/li>\n<li>durch eine m\u00fchelose und aufrechte Haltung<\/li>\n<\/ul>\n<p>W\u00fcnschen Sie sich also optimale Sicherheit, Kraft und\u00a0Klarheit &#8211;<br \/>\ndann freue ich mich auf unsere Zusammenarbeit!<\/p>\n<p>&nbsp;<\/p>\n<p>Ihre<br \/>\n<strong class=\"orange\">Martina Wolz-Beck<\/strong><br \/>\n<strong>\u00c4rztin<br \/>\nPhysiotherapeutin<\/strong><\/p>\n<ul>\n<li>Mitglied der deutschen Kontinenzgesellschaft<\/li>\n<li><strong>\u00e4rztliche Beratungsstelle der deutschen Kontinenzgesellschaft (Standort Stuttgart)<\/strong><\/li>\n<li>Mitglied der <a title=\"Therapeutenliste Beckenboden\" href=\"https:\/\/www.ag-ggup.de\/therapeutenliste\/therapeutenliste-beckenboden\/\" target=\"_blank\" rel=\"noopener\"><strong>bundesweiten Therapeutenliste Beckenboden<\/strong><\/a> der Arbeitsgemeinschaft f\u00fcr Gyn\u00e4kologie, Geburtshilfe, Urologie und Proktologie (GGUP) des Deutschen Verbands f\u00fcr Physiotherapie &#8211; Zentralverband der Physiotherapeuten\/ Krankengymnasten (ZVK) e. V.<\/li>\n<li>Mitglied der <a title=\"Therapeutenliste Kinder\" href=\"https:\/\/www.ag-ggup.de\/therapeutenliste\/therapeutenliste-kinder\/\" target=\"_blank\" rel=\"noopener\"><strong>Therapeutenliste Kinder<\/strong><\/a> der Arbeitsgemeinschaft GGUP<\/li>\n<\/ul>\n","protected":false},"excerpt":{"rendered":"<p>Genie\u00dfen Sie Ihre neue Lebensqualit\u00e4t\u2026 beim entspannten Stadtbummel (ohne Toilettenplan im Kopf) durch kontrollierte Verschlusskraft von Blase und Enddarm beim Joggen im Wald durch trockene Kinderbetten bei Freudenspr\u00fcngen durch erf\u00fcllte Sexualit\u00e4t beim Husten und Niesen bei folgenlosem \u201eSich-Aussch\u00fctten-vor-Lachen\u201c wegen Stabilit\u00e4t beim Heben und Tragen bei der Unterst\u00fctzung des Heilungsprozesses nach einer Prostataoperation durch eine m\u00fchelose<a href=\"https:\/\/beckenraum.de\/\"> [&#8230;weiterlesen]<\/a><\/p>\n","protected":false},"author":2,"featured_media":0,"parent":0,"menu_order":0,"comment_status":"open","ping_status":"open","template":"","meta":{"footnotes":""},"class_list":["post-2","page","type-page","status-publish","hentry"],"_links":{"self":[{"href":"https:\/\/beckenraum.de\/index.php?rest_route=\/wp\/v2\/pages\/2","targetHints":{"allow":["GET"]}}],"collection":[{"href":"https:\/\/beckenraum.de\/index.php?rest_route=\/wp\/v2\/pages"}],"about":[{"href":"https:\/\/beckenraum.de\/index.php?rest_route=\/wp\/v2\/types\/page"}],"author":[{"embeddable":true,"href":"https:\/\/beckenraum.de\/index.php?rest_route=\/wp\/v2\/users\/2"}],"replies":[{"embeddable":true,"href":"https:\/\/beckenraum.de\/index.php?rest_route=%2Fwp%2Fv2%2Fcomments&post=2"}],"version-history":[{"count":26,"href":"https:\/\/beckenraum.de\/index.php?rest_route=\/wp\/v2\/pages\/2\/revisions"}],"predecessor-version":[{"id":1490,"href":"https:\/\/beckenraum.de\/index.php?rest_route=\/wp\/v2\/pages\/2\/revisions\/1490"}],"wp:attachment":[{"href":"https:\/\/beckenraum.de\/index.php?rest_route=%2Fwp%2Fv2%2Fmedia&parent=2"}],"curies":[{"name":"wp","href":"https:\/\/api.w.org\/{rel}","templated":true}]}}